nits digit of r?
9
Let d = -123 - -220. Let g = 250 - d. What is the units digit of g?
3
What is the hundreds digit of ((-6741)/27)/(-2 - 25/(-15))?
7
Suppose -3*d = f - 65 - 102, -4*d - 2*f = -220. Let l = d - -40. What is the units digit of l?
7
Let n be ((-11)/(-9) - -1) + 82/(-369). Suppose 49 = -n*r + 3*o + 592, 4*r = o + 1061. What is the units digit of r?
4
Let b(g) = 278*g - 45. What is the units digit of b(2)?
1
Let q be ((-4)/(-10))/(2/(-10)). Let r(t) = -2*t**3 + t**2 - t + 2. What is the units digit of r(q)?
4
Let m(r) = r + 14. Let w be m(-19). What is the units digit of 2/w + 846/90?
9
Let y(n) be the first derivative of n**5/120 - 7*n**4/24 + 5*n**3/3 - 3. Let h(o) be the third derivative of y(o). What is the units digit of h(11)?
4
Let h(p) = 2*p**2 + 34*p - 305. What is the thousands digit of h(-50)?
2
Let l(x) = -x + 18. Let j be l(-8). What is the units digit of (-2)/(-3)*195/j?
5
Let u(y) = -y**3 - 28*y**2 + 22*y + 13. What is the units digit of u(-29)?
6
Let t = 495 + 391. What is the units digit of t?
6
Suppose b = -5*v + 210, -8*b + 3*b = -2*v - 1104. Suppose 5*w - 4*s = -274, 2*s = 4*w - 2*s + b. Let r = w + 96. What is the units digit of r?
2
Suppose 56 - 11 = 5*l. Let t = l + -9. Suppose t = -3*a + 31 + 32. What is the units digit of a?
1
Suppose 5*v - 1914 = -2*y, 19 = -5*y + 4. Let a = v - 264. What is the units digit of a?
0
Suppose 0 = k + 2*j - 17 - 1, 4*k = -3*j + 87. Suppose -5*d + 11 = -k. Let b = d + 18. What is the units digit of b?
5
Suppose 25*n = -8*n - 462. Suppose -4*o + 4*r + r = -72, -5*r = o - 43. Let v = o + n. What is the units digit of v?
9
Suppose 0 = -5*o - 2*w + 1205 + 415, o = -5*w + 347. What is the tens digit of o?
2
Suppose 3*z + 247 = t, -2*t - 316 = 2*z + 2*z. Let w = z + 187. What is the tens digit of w?
0
Let z be (-2)/9 - 3092/18. Let n be (0 + -3)/((-4)/z). What is the units digit of n/2*(-14)/21?
3
Suppose 3*s - 6*s = 162. Let r = s + 104. What is the units digit of r?
0
Let o(w) = -105*w**3 - w**2. Let i be o(-1). Let s be (i/39)/(2/(-12)). What is the tens digit of -4*2*122/s?
6
Let f(j) = 10*j**2 - 2*j - 10. Let g(o) = -15*o**2 + 3*o + 15. Let h(l) = 8*f(l) + 5*g(l). What is the units digit of h(4)?
1
Let n(y) = -3*y**2 + 24*y - 8. What is the tens digit of n(5)?
3
Let u = 40 - 33. Suppose -5*c = -3*s + u, 0 = 2*c + 1 - 9. What is the units digit of s?
9
Let j = -6 - -18. Let z be (-4)/j*18*-1. What is the tens digit of 175/10 - z/4?
1
Suppose 12 = 3*z + y, 4*z - y - 5 = 11. Suppose -75 = -3*n + 5*v - z*v, 2*n - 50 = 5*v. Suppose 6*m + n = 145. What is the units digit of m?
0
Suppose -3*z - 79156 = -25*z. What is the hundreds digit of z?
5
What is the tens digit of (9 + -8)*-2 - (2 + -933)?
2
Let l = -11 - 2. Let k = -18 - l. What is the units digit of k/(-10)*(60 - 0)?
0
Let a be 615/4 + (-3)/(-12). Suppose 5*z + 3*l - a + 29 = 0, 117 = 4*z - l. Let b = z - 23. What is the units digit of b?
5
Let z be -4*2/(-8)*57. Let h = z + -21. Suppose a + 3*a - h = 0. What is the units digit of a?
9
Let s = -992 - -2159. What is the units digit of s?
7
Suppose 3*o - p + 3*p + 141 = 0, -o = -2*p + 39. Let r(v) = v**3 - 6*v**2 - v + 6. Let l be r(5). Let g = l - o. What is the tens digit of g?
2
Let i be ((-18)/(-12))/(6/4). What is the units digit of (8/(-4))/(i - 8/7)?
4
Let m = 226 + -138. Suppose 0 = -g + 5*g - m. Suppose -j = -0*j - g. What is the units digit of j?
2
Suppose 26828 = 66*w - 47*w. What is the tens digit of w?
1
Let b be 1/(-3) - (-69)/(-9). Let w = -11 - b. What is the tens digit of -19*(-2)/(-6)*w?
1
Let u(o) = 141*o**2 + 1. What is the units digit of u(-2)?
5
Let y be (-15)/6 - (-2)/4. Suppose 4 = -2*l + 2. What is the tens digit of (y + 0 - -19) + l?
1
Let s(a) = -a**2 + 9*a - 13. Let b(r) = -r**2 + 7*r + 6. Let i be b(7). Let o be s(i). Suppose k - 3*k = -o*w + 12, -3*k + 16 = w. What is the units digit of w?
4
Let v(t) = t**3 + 2*t**2 + 3*t + 3. Let z be v(7). What is the tens digit of 1/4 - (2 - z/12)?
3
Let c(g) = 37*g**3 + 2*g**2 + g + 1. Let r be c(2). Let k = -179 + r. What is the hundreds digit of k?
1
Let i(b) = -b**3 + 2*b**2 + b + 1. Let r be i(2). Suppose 21 = 2*d + 3*l, -2 = -r*d + 2*l + 10. Suppose -40 = -7*p + d*p. What is the units digit of p?
0
Let z be 1/(-3) - 1328/12. Let t = z - -62. Let i = t - -70. What is the units digit of i?
1
Let x(f) = -f**2 - 9*f - 3. Let i(z) = -8*z**2 + z - 1. Let a be i(1). Let p be x(a). Suppose -66 = -p*n - 3*u, n = 3*u + 2*u + 30. What is the tens digit of n?
1
Let z = 4 - -1. Suppose -4*l = z*l - 441. Let p = -6 + l. What is the units digit of p?
3
Let k(c) = -c**2 - 2*c + 3. Let x be k(10). Let u = x + 173. What is the tens digit of u?
5
Suppose 2*l = -0*l - 2. Let o be -1 - l - (-1 + -1). Suppose -f - 4*n = -0*f + o, 0 = 4*f + 3*n - 18. What is the units digit of f?
6
Let n be ((48/4)/3)/2. Suppose -3*m - 3*s + 27 = -18, 3*m - n*s - 60 = 0. What is the tens digit of 519/27 + (-4)/m?
1
Let h = 8 - 24. Let z = -10 - h. Suppose -5*p = 4*v - 28, 2*v + 5*p = z*v - 28. What is the units digit of v?
7
Let l be -3 + (-15)/(10 + -5). What is the hundreds digit of 3 - (5 + 738/l)?
1
Let n = -92 + 184. Suppose -204 - n = -4*m. Suppose 4*d - 102 - m = 0. What is the tens digit of d?
4
Suppose -4*k = 2*k + 2*k. Suppose 0*q + 4*u = -3*q + 145, -5*q + 4*u + 231 = k. What is the units digit of q?
7
Let q(b) = b**3 + 32*b**2 + 41*b - 49. What is the tens digit of q(-30)?
2
Let t(p) = -p**3 + 7*p**2 + 3*p + 9. Let u(z) = z**2 - 8. Let m be u(0). Let j = 15 + m. What is the tens digit of t(j)?
3
Suppose -3*i + 52 + 41 = 0. Suppose -i*j - 420 = -38*j. What is the tens digit of j?
6
Let d = 93 + -60. Let g = d + -20. What is the tens digit of g?
1
What is the units digit of ((-10)/(-30))/(2/558)?
3
Let x = -18 - -18. Let y(i) = 10*i - 2. Let u be y(3). Suppose 2*n + x*n = -m + u, -5*m = 3*n - 28. What is the units digit of n?
6
Let h(d) = -2*d**3 + d**2 - 4*d + 3. Let a be h(2). Let q = a - -58. What is the units digit of q?
1
What is the hundreds digit of 2207/2 - 1*(-5)/10?
1
Let h = -5507 - -9650. What is the tens digit of h?
4
Suppose 5*u - 7436 = -3*a, -46*a - 3*u = -44*a - 4956. What is the tens digit of a?
7
Suppose -w + 5 + 1 = 0. Suppose -9*q = -w*q - 15. Suppose y - 49 = -4*a + 75, a - q*y - 52 = 0. What is the tens digit of a?
3
Let y(w) = -w**2 - 4*w + 1. Let p be y(4). Let t = 93 + p. What is the units digit of t?
2
Let r(i) = i**2 + 16*i - 39. Let b be r(-17). Suppose -28 = z + z. Let f = z - b. What is the units digit of f?
8
Let q = 2210 - 670. What is the tens digit of ((-20)/(-16))/(7/q)?
7
Suppose -513*m - 43400 = -527*m. What is the hundreds digit of m?
1
Let d = -2950 - -4144. What is the thousands digit of d?
1
Suppose -2*k = -8*k + 12. Suppose 0 = -12*z + k*z + 600. What is the units digit of z?
0
Suppose 3*k + 58 = 4*k. Suppose -3*r - 3*z + 159 = 21, -r + k = -5*z. What is the tens digit of r?
4
Suppose 2*p - 8 = 4*p, -2*p = -g + 10. Suppose 0 = 2*h - u - 137, g*h - 125 = 2*u + 7. What is the tens digit of h?
7
Suppose -2 = c - d, 0*c - 2*d = 3*c - 4. Suppose 315 = -c*a + 5*a. What is the units digit of a?
3
Suppose 5*v - 3*q + 20 = 0, -4*v + 0*q - 23 = -q. Let o = 6 + v. What is the units digit of -2 + 1 + o + 7?
5
Suppose 1674 = -9*v + 12*v. Suppose -4*h - 70 = -4*y - 626, 2*y = 4*h - v. What is the units digit of h?
0
Let s be 16/6*(-351)/4. Let n = 355 + s. What is the hundreds digit of n?
1
Let j(o) = -o**3 + 12*o**2 + o - 22. Let h be j(12). What is the units digit of (-10)/h*87*1?
7
Let b = -53 + 104. Let s = 24 - 20. Suppose 5*x = 4*t + 139, -s*t + 9*t - b = -x. What is the tens digit of x?
3
Let o(l) = 8 - 3*l + 7*l + 12*l**2 - 9 - 3*l**2. Let v be o(3). Suppose -3*s = -7*s + v. What is the units digit of s?
3
Suppose -17*h + 33377 = 7163. What is the hundreds digit of h?
5
Suppose 1791 = 4*s + c, s - 4*c = -0*s + 469. What is the tens digit of s?
4
Let x = -147 - -985. Suppose 2*v + 95 = 5*b + 450, 0 = -5*v - 4*b + x. What is the tens digit of v?
7
Let b = -42 + 42. Suppose 2*h = 2*x - 446, -h - 904 = -4*x - b*h. What is the tens digit of x?
2
Let w = -4 + -4. Let b(j) = -27. Let u(y) = -y + 40. Let i(q) = 8*b(q) + 5*u(q). What is the units digit of i(w)?
4
Let p(z) = z**3 - z**2 + 3*z - 5. Let d(g)